at is the highest common factor of 1276 and 44?
44
Calculate the highest common factor of 115 and 1127.
23
What is the highest common divisor of 20 and 2620?
20
Calculate the highest common factor of 68 and 425.
17
Calculate the highest common factor of 1616 and 16.
16
What is the highest common factor of 6380 and 660?
220
Calculate the greatest common factor of 15813 and 42.
21
What is the highest common factor of 216 and 136?
8
Calculate the greatest common divisor of 213 and 4757.
71
What is the highest common divisor of 30 and 24810?
30
What is the highest common divisor of 2449 and 79?
79
What is the highest common factor of 7567 and 322?
161
Calculate the greatest common factor of 1413 and 27.
9
Calculate the greatest common factor of 513 and 38.
19
What is the highest common factor of 1630 and 10?
10
What is the greatest common divisor of 16132 and 218?
218
What is the highest common factor of 9232 and 32?
16
What is the greatest common factor of 6498 and 18?
18
What is the greatest common divisor of 1106 and 14?
14
What is the highest common factor of 6 and 8?
2
Calculate the highest common factor of 18 and 942.
6
What is the greatest common divisor of 527 and 93?
31
What is the highest common factor of 275 and 1155?
55
Calculate the highest common factor of 70 and 35.
35
Calculate the highest common factor of 14 and 4886.
14
What is the greatest common divisor of 646 and 204?
34
Calculate the highest common divisor of 160 and 11760.
80
What is the greatest common divisor of 240 and 255?
15
Calculate the highest common divisor of 4780 and 100.
20
Calculate the highest common divisor of 300 and 5300.
100
What is the highest common divisor of 5916 and 1428?
204
What is the greatest common factor of 6 and 15?
3
What is the highest common factor of 255 and 1445?
85
Calculate the highest common divisor of 4 and 3396.
4
Calculate the highest common factor of 498 and 30.
6
What is the greatest common factor of 379 and 1?
1
What is the greatest common factor of 338 and 3276?
26
What is the greatest common divisor of 23 and 1127?
23
Calculate the greatest common factor of 34 and 3434.
34
Calculate the greatest common divisor of 60 and 6144.
12
Calculate the greatest common factor of 111 and 481.
37
What is the greatest common factor of 34 and 187?
17
What is the highest common divisor of 8700 and 100?
100
Calculate the greatest common factor of 180 and 135.
45
Calculate the highest common divisor of 156 and 1482.
78
Calculate the highest common divisor of 17 and 799.
17
Calculate the highest common divisor of 14 and 3325.
7
What is the greatest common factor of 1668 and 12?
12
Calculate the highest common divisor of 1900 and 2100.
100
What is the greatest common divisor of 232 and 348?
116
What is the highest common factor of 378 and 168?
42
What is the greatest common factor of 14985 and 81?
81
What is the greatest common divisor of 1422 and 36?
18
What is the greatest common factor of 55 and 140?
5
Calculate the highest common divisor of 4 and 172.
4
What is the greatest common divisor of 15050 and 280?
70
Calculate the highest common divisor of 2 and 10.
2
What is the highest common factor of 532 and 112?
28
What is the highest common factor of 416 and 143?
13
Calculate the highest common factor of 6853 and 154.
77
What is the greatest common divisor of 1053 and 324?
81
What is the highest common factor of 11 and 352?
11
Calculate the highest common factor of 1246 and 266.
14
Calculate the highest common divisor of 605 and 165.
55
Calculate the greatest common divisor of 978 and 6.
6
What is the highest common factor of 925 and 1110?
185
What is the greatest common divisor of 10 and 820?
10
What is the highest common divisor of 2185 and 30?
5
What is the greatest common factor of 31868 and 124?
124
Calculate the greatest common factor of 187 and 34.
17
What is the highest common divisor of 342 and 209?
19
What is the highest common factor of 324 and 4?
4
What is the highest common divisor of 690 and 390?
30
Calculate the greatest common factor of 6214 and 286.
26
What is the highest common divisor of 219 and 24017?
73
What is the highest common factor of 228 and 9?
3
Calculate the greatest common divisor of 592 and 37.
37
What is the highest common factor of 38 and 5282?
38
Calculate the greatest common divisor of 1746 and 18.
18
What is the highest common divisor of 19984 and 16?
16
What is the greatest common divisor of 130 and 330?
10
Calculate the highest common factor of 1363 and 116.
29
What is the greatest common divisor of 1785 and 1632?
51
Calculate the greatest common divisor of 180 and 2760.
60
Calculate the greatest common divisor of 369 and 13161.
123
Calculate the greatest common factor of 27 and 1971.
27
What is the highest common factor of 16135 and 140?
35
Calculate the highest common factor of 15 and 1875.
15
Calculate the greatest common factor of 2625 and 15.
15
What is the highest common divisor of 1927 and 376?
47
What is the highest common factor of 726 and 84?
6
Calculate the highest common divisor of 515 and 2369.
103
Calculate the highest common divisor of 116 and 203.
29
What is the highest common factor of 74 and 629?
37
What is the highest common divisor of 3239 and 79?
79
Calculate the highest common divisor of 28 and 52.
4
What is the highest common factor of 5029 and 47?
47
What is the greatest common factor of 26 and 3107?
13
Calculate the highest common divisor of 378 and 14.
14
Calculate the highest common factor of 76 and 4636.
76
Calculate the highest common factor of 12 and 2118.
6
Calculate the highest common divisor of 256 and 224.
32
What is the highest common factor of 925 and 50?
25
What is the highest common factor of 36 and 594?
18
Calculate the highest common divisor of 264 and 660.
132
Calculate the highest common divisor of 165 and 1650.
165
Calculate the highest common factor of 1666 and 49.
49
What is the highest common divisor of 140 and 20?
20
What is the highest common divisor of 54 and 270?
54
Calculate the highest common factor of 2331 and 18.
9
Calculate the greatest common divisor of 187 and 4532.
11
What is the greatest common divisor of 63 and 8715?
21
What is the greatest common divisor of 126 and 14?
14
What is the greatest common factor of 35 and 805?
35
Calculate the highest common divisor of 6 and 15.
3
Calculate the highest common divisor of 105 and 42.
21
Calculate the greatest common factor of 42151 and 61.
61
Calculate the greatest common factor of 322 and 56.
14
What is the highest common factor of 88 and 3938?
22
Calculate the highest common factor of 10697 and 57.
19
Calculate the greatest common factor of 72 and 360.
72
What is the highest common divisor of 505 and 15?
5
Calculate the highest common factor of 2425 and 97.
97
What is the highest common factor of 28 and 427?
7
Calculate the greatest common divisor of 27 and 729.
27
Calculate the greatest common divisor of 12 and 6.
6
What is the greatest common factor of 1 and 691?
1
Calculate the highest common divisor of 27 and 26892.
27
What is the highest common factor of 44 and 396?
44
Calculate the highest common factor of 1524 and 2921.
127
Calculate the greatest common divisor of 969 and 34.
17
Calculate the highest common factor of 132 and 12.
12
What is the greatest common factor of 4536 and 288?
72
What is the greatest common divisor of 305 and 366?
61
Calculate the greatest common factor of 135 and 105.
15
What is the highest common factor of 1875 and 100?
25
Calculate the greatest common divisor of 1960 and 105.
35
Calculate the highest common divisor of 9 and 16893.
9
What is the greatest common factor of 63 and 49?
7
What is the highest common factor of 119 and 14399?
119
Calculate the highest common divisor of 975 and 525.
75
Calculate the greatest common divisor of 35 and 287.
7
Calculate the greatest common factor of 36 and 1368.
36
Calculate the highest common factor of 46 and 2.
2
Calculate the greatest common divisor of 24 and 1648.
8
Calculate the greatest common factor of 27 and 513.
27
Calculate the greatest common divisor of 8142 and 472.
118
Calculate the greatest common factor of 170 and 765.
85
Calculate the greatest common divisor of 762 and 6.
6
What is the highest common factor of 12 and